reatest common factor of 4901 and 3393?
377
What is the highest common divisor of 144 and 24864?
48
What is the highest common factor of 19480 and 40?
40
What is the greatest common factor of 8 and 1404328?
8
Calculate the highest common factor of 1387 and 107456.
73
What is the highest common factor of 404789 and 1617?
539
Calculate the greatest common factor of 5080 and 320.
40
Calculate the greatest common factor of 392 and 104174.
98
What is the greatest common divisor of 29 and 150713?
29
Calculate the greatest common factor of 16734 and 18.
6
What is the greatest common divisor of 256 and 1041792?
128
What is the greatest common divisor of 542 and 435497?
271
Calculate the highest common factor of 133164 and 2740.
548
Calculate the greatest common divisor of 3936 and 26.
2
What is the greatest common divisor of 13938 and 207?
69
Calculate the highest common factor of 33 and 30855.
33
What is the highest common factor of 80 and 66380?
20
Calculate the greatest common factor of 1308 and 456928.
436
Calculate the greatest common divisor of 216 and 108918.
54
What is the highest common factor of 64 and 80312?
8
Calculate the highest common divisor of 1761730 and 310.
310
Calculate the highest common factor of 2716 and 44620.
388
What is the highest common factor of 423189 and 65?
13
Calculate the greatest common divisor of 3168 and 1856.
32
Calculate the greatest common factor of 90 and 3125250.
90
What is the highest common divisor of 90 and 16710?
30
Calculate the highest common divisor of 2856 and 471648.
408
Calculate the highest common factor of 438386 and 338.
338
What is the highest common divisor of 86192 and 304?
16
Calculate the greatest common divisor of 609 and 3245361.
609
Calculate the highest common factor of 505998 and 288.
18
What is the greatest common factor of 211 and 775847?
211
Calculate the highest common divisor of 109 and 225521.
109
What is the greatest common divisor of 3900 and 5604?
12
Calculate the greatest common factor of 150 and 83640.
30
What is the highest common divisor of 522 and 1697022?
522
Calculate the highest common factor of 5 and 2603.
1
Calculate the highest common divisor of 772 and 2054678.
386
Calculate the highest common divisor of 13 and 53807.
13
Calculate the greatest common factor of 1056 and 1419.
33
Calculate the greatest common divisor of 31925 and 15.
5
Calculate the highest common factor of 643779 and 4605.
921
Calculate the highest common divisor of 9085931 and 718.
359
Calculate the greatest common divisor of 415 and 4313759.
83
What is the highest common factor of 40640 and 1760?
160
Calculate the highest common divisor of 21150 and 2040.
30
What is the highest common divisor of 315465 and 210?
15
What is the greatest common divisor of 396 and 202048?
44
Calculate the highest common factor of 54 and 3378.
6
What is the greatest common factor of 5785 and 780?
65
What is the highest common factor of 2236 and 18533?
43
What is the greatest common factor of 318 and 81726?
318
What is the greatest common divisor of 88 and 1954040?
88
Calculate the greatest common factor of 21609 and 63.
63
Calculate the greatest common factor of 552 and 197961.
69
What is the greatest common divisor of 33 and 32397?
3
Calculate the highest common divisor of 130309 and 5598.
311
What is the highest common factor of 29165938 and 58?
58
What is the greatest common factor of 48 and 17605968?
48
What is the highest common factor of 132 and 2334?
6
Calculate the highest common factor of 119807 and 92.
23
Calculate the highest common factor of 1450 and 7685.
145
Calculate the greatest common factor of 7579 and 265.
53
What is the highest common divisor of 17850 and 4025?
175
Calculate the highest common factor of 16575 and 24.
3
Calculate the highest common divisor of 5582 and 54.
2
What is the highest common factor of 456 and 114266?
38
What is the highest common divisor of 8680 and 6?
2
Calculate the greatest common divisor of 656643 and 1788.
447
What is the highest common factor of 161 and 1113?
7
What is the greatest common factor of 15666 and 15?
3
Calculate the greatest common divisor of 207 and 121003.
23
Calculate the highest common factor of 1408 and 340096.
128
What is the highest common factor of 514 and 34?
2
What is the highest common divisor of 14 and 9298?
2
Calculate the greatest common factor of 5706 and 1638.
18
Calculate the greatest common divisor of 100366 and 6.
2
Calculate the greatest common factor of 321 and 316827.
321
Calculate the greatest common factor of 5 and 795065.
5
What is the highest common divisor of 4026 and 330?
66
What is the greatest common divisor of 435235 and 244?
61
What is the greatest common factor of 2522380 and 35?
35
Calculate the greatest common factor of 54 and 474.
6
What is the highest common divisor of 3248 and 360?
8
Calculate the greatest common divisor of 687719 and 111.
37
Calculate the greatest common divisor of 18 and 2466.
18
Calculate the greatest common factor of 209 and 16929.
209
What is the highest common divisor of 3360 and 12840?
120
What is the highest common divisor of 4104 and 8588?
76
What is the greatest common divisor of 12180239 and 41?
41
Calculate the highest common factor of 2 and 4952.
2
Calculate the greatest common factor of 2025 and 275.
25
What is the highest common factor of 27651 and 13143?
39
Calculate the highest common factor of 629 and 1739.
37
What is the greatest common factor of 81 and 12241?
1
What is the greatest common divisor of 120 and 1968?
24
Calculate the highest common factor of 17169 and 2242.
59
Calculate the greatest common divisor of 4121858 and 59.
59
What is the highest common divisor of 2149 and 371?
7
What is the highest common divisor of 164327 and 1010?
101
What is the highest common factor of 5120 and 96?
32
Calculate the greatest common divisor of 365 and 10658.
73
What is the greatest common divisor of 3268 and 7052?
172
What is the highest common factor of 13 and 316459?
13
Calculate the greatest common divisor of 10854 and 4617.
81
Calculate the highest common divisor of 273841 and 251.
251
Calculate the highest common factor of 3313426 and 46.
46
What is the highest common factor of 20298 and 816?
102
Calculate the greatest common divisor of 70 and 171290.
70
What is the highest common factor of 21606 and 520?
26
Calculate the highest common divisor of 301 and 60543.
7
Calculate the highest common factor of 35165 and 65.
65
What is the highest common divisor of 80 and 23330?
10
What is the greatest common factor of 666 and 404?
2
What is the highest common divisor of 75900 and 726?
66
Calculate the greatest common factor of 141 and 409417.
47
Calculate the greatest common divisor of 3040600 and 40.
40
What is the highest common divisor of 484047 and 63?
9
Calculate the highest common divisor of 3528 and 208.
8
What is the greatest common divisor of 104 and 33319?
13
Calculate the highest common factor of 10785 and 40.
5
What is the highest common factor of 13 and 19456567?
13
What is the highest common divisor of 230667 and 69?
69
What is the greatest common divisor of 11 and 28732?
11
Calculate the greatest common factor of 1629792 and 18.
18
Calculate the highest common divisor of 13 and 351468.
13
Calculate the highest common factor of 10 and 12886.
2
What is the highest common factor of 330906 and 3930?
786
Calculate the greatest common divisor of 10 and 44320.
10
What is the highest common divisor of 596951 and 7403?
673
What is the highest common divisor of 115 and 866?
1
What is the highest common divisor of 13064 and 286272?
568
What is the highest common divisor of 4320 and 2565?
135
Calculate the greatest common divisor of 1584 and 44264.
88
What is the highest common divisor of 1404 and 9180?
108
Calculate the highest common factor of 261 and 2601.
9
What is the greatest common divisor of 5323991 and 4821?
1607
What is the highest common factor of 132 and 150810?
66
Calculate the greatest common divisor of 22826 and 24408.
226
Calculate the highest common factor of 1341 and 135888.
447
What is the highest common divisor of 558428 and 52?
52
What is the highest common divisor of 26 and 10634?
26
Calculate the greatest common divisor of 8580 and 54210.
390
What is the highest com